of 2587618636?
2, 646904659
List the prime factors of 2168932701.
3, 13, 31, 1793989
List the prime factors of 586992467.
586992467
What are the prime factors of 225409500?
2, 3, 5, 59, 283
List the prime factors of 2445095233.
7, 349299319
What are the prime factors of 785006930?
2, 5, 2819, 27847
List the prime factors of 1190685946.
2, 79, 1427, 5281
List the prime factors of 297321170.
2, 5, 29732117
List the prime factors of 80959759.
80959759
List the prime factors of 74593794.
2, 3, 11, 47, 139, 173
List the prime factors of 887607043.
17, 239, 218461
What are the prime factors of 413437818?
2, 3, 68906303
List the prime factors of 774356214.
2, 3, 129059369
List the prime factors of 55996876.
2, 13, 19, 157
What are the prime factors of 295403566?
2, 4943, 29881
What are the prime factors of 22105195?
5, 7, 631577
What are the prime factors of 110772416?
2, 23, 75253
List the prime factors of 1795142804.
2, 7, 13, 29, 173, 983
List the prime factors of 3411243.
3, 11, 34457
What are the prime factors of 168017825?
5, 127, 52919
What are the prime factors of 617720536?
2, 547, 141161
List the prime factors of 22755169.
29, 784661
What are the prime factors of 1234379804?
2, 7, 89, 495337
List the prime factors of 198694534.
2, 367, 270701
List the prime factors of 555920142.
2, 3, 181, 511897
What are the prime factors of 604125514?
2, 967, 312371
What are the prime factors of 2006466922?
2, 17, 97, 608389
List the prime factors of 2228211288.
2, 3, 29, 355717
What are the prime factors of 29828444?
2, 7457111
What are the prime factors of 2944014521?
7, 60081929
List the prime factors of 131824157.
131824157
What are the prime factors of 220432756?
2, 19, 197, 14723
List the prime factors of 255018366.
2, 3, 3761, 3767
What are the prime factors of 44334680?
2, 5, 13, 85259
List the prime factors of 219140835.
3, 5, 1559, 9371
List the prime factors of 92787990.
2, 3, 5, 151, 20483
List the prime factors of 242799797.
17, 167, 85523
List the prime factors of 278910777.
3, 29, 3205871
What are the prime factors of 3342881063?
31, 47, 2294359
What are the prime factors of 1828779157?
1828779157
What are the prime factors of 596700468?
2, 3, 7, 13, 14011
What are the prime factors of 2930644079?
11, 107, 226357
What are the prime factors of 322589895?
3, 5, 691, 31123
What are the prime factors of 2355020512?
2, 13, 19, 297953
What are the prime factors of 17997696?
2, 3, 17, 919
What are the prime factors of 25183870?
2, 5, 2518387
What are the prime factors of 596658114?
2, 3, 13, 2549821
List the prime factors of 85706957.
7, 719, 17029
List the prime factors of 190198861.
97, 1960813
List the prime factors of 30664053.
3, 7, 31, 2243
List the prime factors of 106394623.
19, 5599717
What are the prime factors of 332296488?
2, 3, 4615229
List the prime factors of 60711651.
3, 7, 11, 13, 23, 293
List the prime factors of 3917969214.
2, 3, 19, 89, 386159
What are the prime factors of 23853764?
2, 11, 542131
List the prime factors of 17749038.
2, 3, 2958173
List the prime factors of 23079026.
2, 11539513
List the prime factors of 35099101.
17, 2064653
List the prime factors of 529195493.
529195493
What are the prime factors of 528787336?
2, 7, 11, 31, 27691
What are the prime factors of 2509392656?
2, 79, 1985279
List the prime factors of 25632406.
2, 19, 674537
List the prime factors of 50410412.
2, 13, 969431
What are the prime factors of 23471840?
2, 5, 7, 19, 1103
What are the prime factors of 4018038400?
2, 5, 17, 233, 317
List the prime factors of 150933628.
2, 41, 22447
What are the prime factors of 682101694?
2, 47, 7256401
What are the prime factors of 73493239?
137, 536447
What are the prime factors of 150408064?
2, 53, 22171
List the prime factors of 160984333.
31, 5193043
What are the prime factors of 228503148?
2, 3, 3449, 5521
What are the prime factors of 128235202?
2, 43, 59, 127, 199
List the prime factors of 264779152.
2, 11, 641, 2347
List the prime factors of 256636655.
5, 11, 4666121
What are the prime factors of 5550669689?
5550669689
List the prime factors of 558723637.
71, 619, 12713
What are the prime factors of 88002002?
2, 11, 23, 173917
List the prime factors of 44584688.
2, 397, 7019
List the prime factors of 629460493.
629460493
What are the prime factors of 22378125?
3, 5, 7, 11, 31
List the prime factors of 6748724789.
6748724789
List the prime factors of 11127865.
5, 7, 349, 911
List the prime factors of 1056497616.
2, 3, 43, 97, 1759
List the prime factors of 484065226.
2, 157, 373, 4133
What are the prime factors of 720345123?
3, 29, 463, 1987
List the prime factors of 569702.
2, 7, 40693
What are the prime factors of 1007580806?
2, 167, 3016709
What are the prime factors of 41139737?
97, 424121
List the prime factors of 1407027729.
3, 17, 19, 53, 27397
List the prime factors of 3692499212.
2, 17, 23, 37, 63809
What are the prime factors of 50434911?
3, 19, 59, 4999
List the prime factors of 205490919.
3, 719, 95267
What are the prime factors of 37421607?
3, 17, 733757
List the prime factors of 27721373.
17, 1630669
List the prime factors of 17344450.
2, 5, 79, 4391
List the prime factors of 8092045991.
65413, 123707
What are the prime factors of 2885061?
3, 961687
What are the prime factors of 718942022?
2, 59, 6092729
List the prime factors of 930767427.
3, 23, 107, 42023
What are the prime factors of 5289534165?
3, 5, 19, 257, 281
What are the prime factors of 38558482?
2, 17, 31, 36583
What are the prime factors of 16017665?
5, 19, 139, 1213
List the prime factors of 576693564.
2, 3, 827, 58111
List the prime factors of 6158185.
5, 11, 19, 71, 83
What are the prime factors of 215986302?
2, 3, 7, 1714177
What are the prime factors of 305808129?
3, 11, 343219
What are the prime factors of 2307406501?
67, 34438903
What are the prime factors of 5006012645?
5, 7853, 127493
What are the prime factors of 41199066?
2, 3, 107, 21391
What are the prime factors of 114171014?
2, 17, 191, 17581
List the prime factors of 915072138.
2, 3, 50837341
What are the prime factors of 3267886794?
2, 3, 544647799
List the prime factors of 76552551.
3, 277, 30707
What are the prime factors of 5073532781?
2099, 2417119
What are the prime factors of 964825558?
2, 482412779
List the prime factors of 38841612.
2, 3, 977, 3313
List the prime factors of 4593767.
23, 199729
What are the prime factors of 1816581452?
2, 7, 37, 67, 26171
What are the prime factors of 574608335?
5, 7, 37, 577, 769
What are the prime factors of 373060981?
373060981
List the prime factors of 84991553.
31, 37, 74099
List the prime factors of 11618573.
149, 77977
What are the prime factors of 2348574831?
3, 29, 111091
What are the prime factors of 27873420?
2, 3, 5, 464557
What are the prime factors of 884155376?
2, 13, 4250747
List the prime factors of 21247605.
3, 5, 19, 24851
What are the prime factors of 172938162?
2, 3, 3797, 7591
List the prime factors of 209539884.
2, 3, 17461657
List the prime factors of 145056364.
2, 36264091
What are the prime factors of 111662839?
151, 389, 1901
What are the prime factors of 35410894?
2, 17705447
List the prime factors of 133474029.
3, 13, 3422411
What are the prime factors of 66773330?
2, 5, 13, 513641
What are the prime factors of 6502778236?
2, 89, 18266231
List the prime factors of 66444758.
2, 33222379
List the prime factors of 32760029.
32760029
What are the prime factors of 96464901?
3, 13, 31, 73, 1093
List the prime factors of 415360163.
61, 199, 34217
List the prime factors of 64052164.
2, 11, 47, 659
List the prime factors of 86818609.
17, 109, 46853
List the prime factors of 17581761.
3, 1953529
What are the prime factors of 2694050963?
7013, 384151
List the prime factors of 5409833687.
17, 318225511
List the prime factors of 68461899.
3, 11, 1373, 1511
What are the prime factors of 920202888?
2, 3, 11, 3485617
What are the prime factors of 4169185?
5, 29, 28753
What are the prime factors of 1396416194?
2, 698208097
List the prime factors of 5799741446.
2, 547, 863, 6143
List the prime factors of 399383754.
2, 3, 7, 11, 17, 211, 241
What are the prime factors of 57240385?
5, 11448077
What are the prime factors of 1466553429?
3, 11, 73, 307, 661
What are the prime factors of 131742131?
523, 251897